{"id":2472,"date":"2025-07-03T21:50:06","date_gmt":"2025-07-03T18:50:06","guid":{"rendered":"https:\/\/www.taksimtmgdk.com.tr\/?page_id=2472"},"modified":"2025-07-04T00:10:12","modified_gmt":"2025-07-03T21:10:12","slug":"kimyasal-proses-danismanligi","status":"publish","type":"page","link":"https:\/\/www.taksimtmgdk.com.tr\/?page_id=2472","title":{"rendered":"Kimyasal Proses Dan\u0131\u015fmanl\u0131\u011f\u0131"},"content":{"rendered":"","protected":false},"excerpt":{"rendered":"","protected":false},"author":1,"featured_media":0,"parent":0,"menu_order":0,"comment_status":"closed","ping_status":"closed","template":"","meta":{"footnotes":""},"class_list":["post-2472","page","type-page","status-publish","hentry"],"_links":{"self":[{"href":"https:\/\/www.taksimtmgdk.com.tr\/index.php?rest_route=\/wp\/v2\/pages\/2472","targetHints":{"allow":["GET"]}}],"collection":[{"href":"https:\/\/www.taksimtmgdk.com.tr\/index.php?rest_route=\/wp\/v2\/pages"}],"about":[{"href":"https:\/\/www.taksimtmgdk.com.tr\/index.php?rest_route=\/wp\/v2\/types\/page"}],"author":[{"embeddable":true,"href":"https:\/\/www.taksimtmgdk.com.tr\/index.php?rest_route=\/wp\/v2\/users\/1"}],"replies":[{"embeddable":true,"href":"https:\/\/www.taksimtmgdk.com.tr\/index.php?rest_route=%2Fwp%2Fv2%2Fcomments&post=2472"}],"version-history":[{"count":1,"href":"https:\/\/www.taksimtmgdk.com.tr\/index.php?rest_route=\/wp\/v2\/pages\/2472\/revisions"}],"predecessor-version":[{"id":2473,"href":"https:\/\/www.taksimtmgdk.com.tr\/index.php?rest_route=\/wp\/v2\/pages\/2472\/revisions\/2473"}],"wp:attachment":[{"href":"https:\/\/www.taksimtmgdk.com.tr\/index.php?rest_route=%2Fwp%2Fv2%2Fmedia&parent=2472"}],"curies":[{"name":"wp","href":"https:\/\/api.w.org\/{rel}","templated":true}]}}